 19069 is divided by 200.
69
Calculate the remainder when 2344 is divided by 31.
19
Calculate the remainder when 49216 is divided by 4092.
112
Calculate the remainder when 29907 is divided by 7442.
139
What is the remainder when 5923 is divided by 57?
52
Calculate the remainder when 61633 is divided by 20529.
46
What is the remainder when 32560 is divided by 184?
176
Calculate the remainder when 130040 is divided by 22.
20
What is the remainder when 137788 is divided by 18?
16
What is the remainder when 665 is divided by 379?
286
What is the remainder when 1709 is divided by 95?
94
What is the remainder when 447820 is divided by 75?
70
What is the remainder when 8933 is divided by 186?
5
Calculate the remainder when 641 is divided by 9.
2
What is the remainder when 8281 is divided by 9?
1
What is the remainder when 6429 is divided by 48?
45
Calculate the remainder when 17673 is divided by 25.
23
Calculate the remainder when 3398 is divided by 567.
563
What is the remainder when 66719 is divided by 1482?
29
Calculate the remainder when 23299 is divided by 4657.
14
What is the remainder when 375087 is divided by 8335?
12
What is the remainder when 15559 is divided by 1944?
7
What is the remainder when 18131 is divided by 8939?
253
What is the remainder when 42511 is divided by 340?
11
What is the remainder when 8254 is divided by 42?
22
Calculate the remainder when 15241 is divided by 142.
47
Calculate the remainder when 6748 is divided by 3371.
6
What is the remainder when 51629 is divided by 17196?
41
What is the remainder when 32206 is divided by 92?
6
Calculate the remainder when 273594 is divided by 85.
64
Calculate the remainder when 1555 is divided by 273.
190
What is the remainder when 1683 is divided by 153?
0
What is the remainder when 742 is divided by 94?
84
What is the remainder when 2665 is divided by 36?
1
What is the remainder when 153905 is divided by 33?
26
What is the remainder when 728 is divided by 333?
62
Calculate the remainder when 35611 is divided by 4971.
814
What is the remainder when 44178 is divided by 6308?
22
Calculate the remainder when 119234 is divided by 42.
38
Calculate the remainder when 15566 is divided by 1111.
12
What is the remainder when 1652 is divided by 1621?
31
Calculate the remainder when 2107 is divided by 44.
39
Calculate the remainder when 2575 is divided by 10.
5
Calculate the remainder when 1852 is divided by 58.
54
Calculate the remainder when 12728 is divided by 113.
72
What is the remainder when 3002 is divided by 39?
38
Calculate the remainder when 2428 is divided by 869.
690
Calculate the remainder when 114306 is divided by 117.
114
Calculate the remainder when 10012 is divided by 589.
588
Calculate the remainder when 61280 is divided by 9.
8
What is the remainder when 2138 is divided by 75?
38
What is the remainder when 1947 is divided by 195?
192
Calculate the remainder when 747798 is divided by 22.
18
Calculate the remainder when 11838 is divided by 33.
24
What is the remainder when 5058 is divided by 232?
186
Calculate the remainder when 591 is divided by 531.
60
What is the remainder when 3431 is divided by 3361?
70
Calculate the remainder when 11317 is divided by 1257.
4
What is the remainder when 259047 is divided by 2159?
2126
Calculate the remainder when 61592 is divided by 358.
16
What is the remainder when 11197 is divided by 25?
22
Calculate the remainder when 81686 is divided by 389.
385
What is the remainder when 2917915 is divided by 46?
43
What is the remainder when 377267 is divided by 242?
231
What is the remainder when 369 is divided by 53?
51
Calculate the remainder when 15495 is divided by 220.
95
What is the remainder when 874 is divided by 289?
7
Calculate the remainder when 94087 is divided by 5227.
1
What is the remainder when 512 is divided by 157?
41
Calculate the remainder when 2768 is divided by 64.
16
Calculate the remainder when 2787 is divided by 132.
15
What is the remainder when 4259 is divided by 532?
3
Calculate the remainder when 32541 is divided by 16266.
9
What is the remainder when 90767 is divided by 30229?
80
Calculate the remainder when 3556240 is divided by 197.
193
Calculate the remainder when 344823 is divided by 17.
12
Calculate the remainder when 17741 is divided by 772.
757
What is the remainder when 163708 is divided by 765?
763
Calculate the remainder when 22422 is divided by 659.
16
Calculate the remainder when 150157 is divided by 25025.
7
Calculate the remainder when 4337953 is divided by 74.
73
Calculate the remainder when 19071 is divided by 1269.
36
Calculate the remainder when 28011 is divided by 439.
354
Calculate the remainder when 6126 is divided by 872.
22
Calculate the remainder when 478697 is divided by 23.
21
Calculate the remainder when 19866 is divided by 11.
0
Calculate the remainder when 54763 is divided by 74.
3
Calculate the remainder when 328822 is divided by 323.
8
What is the remainder when 4875 is divided by 1606?
57
What is the remainder when 43085 is divided by 13?
3
Calculate the remainder when 32120 is divided by 530.
320
Calculate the remainder when 1159 is divided by 574.
11
Calculate the remainder when 4206 is divided by 1401.
3
What is the remainder when 930 is divided by 289?
63
Calculate the remainder when 309 is divided by 146.
17
What is the remainder when 838 is divided by 820?
18
What is the remainder when 577 is divided by 478?
99
Calculate the remainder when 10260 is divided by 167.
73
What is the remainder when 2107 is divided by 435?
367
What is the remainder when 21436 is divided by 4287?
1
What is the remainder when 4444 is divided by 28?
20
Calculate the remainder when 40808 is divided by 62.
12
Calculate the remainder when 3093 is divided by 766.
29
What is the remainder when 15294 is divided by 5028?
210
What is the remainder when 14915 is divided by 111?
41
What is the remainder when 8279 is divided by 85?
34
What is the remainder when 984 is divided by 966?
18
Calculate the remainder when 273448 is divided by 2762.
10
What is the remainder when 1461 is divided by 9?
3
Calculate the remainder when 1548 is divided by 622.
304
Calculate the remainder when 46723 is divided by 33.
28
Calculate the remainder when 77323 is divided by 38624.
75
What is the remainder when 143504 is divided by 23916?
8
What is the remainder when 28501 is divided by 528?
517
Calculate the remainder when 6343 is divided by 6338.
5
What is the remainder when 9147 is divided by 416?
411
Calculate the remainder when 533932 is divided by 9.
7
What is the remainder when 53267 is divided by 178?
45
What is the remainder when 16074 is divided by 697?
43
Calculate the remainder when 1641 is divided by 529.
54
What is the remainder when 124688 is divided by 7792?
16
Calculate the remainder when 8836 is divided by 1762.
26
What is the remainder when 29528 is divided by 215?
73
What is the remainder when 8234 is divided by 191?
21
Calculate the remainder when 1024 is divided by 155.
94
What is the remainder when 7210 is divided by 3531?
148
What is the remainder when 1945 is divided by 140?
125
What is the remainder when 9885 is divided by 670?
505
What is the remainder when 68982 is divided by 657?
654
What is the remainder when 519483 is divided by 130?
3
What is the remainder when 82235 is divided by 462?
461
Calculate the remainder when 8735 is divided by 416.
415
Calculate the remainder when 43655 is divided by 14542.
29
Calculate the remainder when 18411 is divided by 2106.
1563
Calculate the remainder when 32169 is divided by 32168.
1
What is the remainder when 102171 is divided by 34026?
93
What is the remainder when 6227 is divided by 215?
207
Calculate the remainder when 355506 is divided by 177744.
18
Calculate the remainder when 458446 is divided by 785.
6
Calculate the remainder when 900422 is divided by 6.
2
Calculate the remainder when 925532 is divided by 933.
929
Calculate the remainder when 119575 is divided by 284.
11
What is the remainder when 3699 is divided by 755?
679
What is the remainder when 13195 is divided by 1197?
28
What is the remainder when 53412 is divided by 307?
301
Calculate the remainder when 26844 is divided by 8879.
207
What is the remainder when 858 is divided by 27?
21
Calculate the re